common divisor of i and 1?
1
Let u = -11 + 15. Suppose 4*y = l + 7, u*y - 5*l - 3 = 16. Let m = 15 + -11. What is the greatest common factor of y and m?
1
Let f(n) = 13*n + 3. Let i be f(1). Calculate the highest common factor of 2 and i.
2
Let j = -11 - -16. Suppose -5*g + 0*g = -j. Let t = -3 - -4. Calculate the highest common factor of g and t.
1
Let m = 26 - 13. Calculate the greatest common divisor of m and 91.
13
Suppose -4*y + 486 = -y + 4*z, 0 = z. What is the greatest common factor of y and 18?
18
Suppose -5*p + p = -32. Let b(h) = -h**2 + 8*h - 5. Let g be b(4). Let y = g - p. Calculate the highest common factor of 6 and y.
3
Suppose 0 = 2*n - 3*n + 66. Calculate the greatest common divisor of n and 6.
6
Let d = 73 + -58. What is the greatest common factor of 3 and d?
3
Let m be 34 - (1 - 1) - -2. Let q = 28 - 4. What is the greatest common factor of m and q?
12
Let t be 0/(1 + 1/1). Suppose t = -n + 2*n - 4. Suppose 0*d = n*g + 3*d - 27, d + 39 = 4*g. What is the greatest common divisor of 99 and g?
9
Suppose 2*d + 37 = 63. Calculate the greatest common factor of 13 and d.
13
Suppose 4*s = 3*b + 493, 0 = s + 2*s - b - 366. Calculate the highest common divisor of 11 and s.
11
Let b(k) = 74*k**2. Let w be b(-1). Let j = w + -46. Suppose -2 = 2*n - 10. What is the greatest common divisor of j and n?
4
Suppose -4*w - 42 = -6*w. Calculate the greatest common factor of w and 7.
7
Suppose -3*p + 0*p + 81 = 0. Let q = 49 - p. What is the highest common factor of 55 and q?
11
Let b(w) = w**3 - 8*w**2 + 7*w + 9. Let i = -9 + 16. Let u be b(i). What is the greatest common factor of u and 36?
9
Suppose -2*v = -4*k - 3*v + 145, -5*v - 139 = -4*k. What is the highest common factor of k and 9?
9
Suppose -3*y - 2*w = -15, 3*w + 17 = 4*y - 3. Suppose y*m = 13 - 3. Let f be m/(-6) - (-626)/6. What is the greatest common factor of f and 13?
13
Suppose 198 = 2*j - 3*g - 35, -j + 3*g + 121 = 0. Suppose 0 = 5*k - n - 3*n - 90, -50 = -5*k - 4*n. What is the greatest common factor of j and k?
14
Suppose 5*v + 416 = 4*p, v = 3*p - 0*v - 312. Let g(s) = s**2 - 4*s - 8. Let w = 5 - -2. Let r be g(w). Calculate the highest common factor of r and p.
13
Suppose 4*n - 19 = -3*a, -4*a + 51 = -4*n + 7. Suppose 5*u - u = 0. Suppose -3*i + a + 0 = u. Calculate the highest common factor of i and 9.
3
Suppose 16 = 3*u - 62. Suppose -4*g = -138 + u. Calculate the highest common divisor of g and 7.
7
Let t(x) = x**3 + 5*x**2 - 6*x + 10. Let c be t(-5). What is the highest common divisor of 16 and c?
8
Let v = 65 - 21. What is the greatest common factor of v and 11?
11
Suppose -7 = -5*k + 23. Suppose -o + 3*o = 108. Calculate the highest common divisor of o and k.
6
Let o be 2/(-8) - 33/(-4). Calculate the highest common factor of o and 56.
8
Suppose c - 11 = 7. Suppose -c = 4*s - 7*s. Let g be ((-1)/(-2))/(2/120). Calculate the highest common divisor of g and s.
6
Let b be (-1 + 0 + 0)*-12. Let i be ((-16)/(-6) - 0)*b. Calculate the highest common factor of i and 4.
4
Suppose 2*v - 4 = 6. Suppose v*g - 4*q + 399 + 21 = 0, -2*q + 10 = 0. Let d be g/(-5)*(-1)/(-1). What is the highest common divisor of 64 and d?
16
Let w be 7/(-4 - 36/(-8)). Let d be 3*((3 - 0) + -8). Let k = 139 - d. Calculate the greatest common factor of w and k.
14
Let s = -7 + 3. Let r be s/(-10) + 592/20. What is the highest common factor of 20 and r?
10
Suppose 0 = -4*v + 18 + 18. Calculate the greatest common factor of v and 45.
9
Let c be 40/(-140) + 107/7. What is the greatest common factor of c and 15?
15
Suppose 42 = 2*w - 5*d, -2*w + 4 = 5*d + 2. Calculate the greatest common factor of w and 11.
11
Let b(w) = 2*w**3 + 13*w**2 + 5*w - 1. Let k be b(-6). What is the greatest common factor of 100 and k?
5
Let k = -103 + 119. What is the highest common factor of 80 and k?
16
Let o(t) be the second derivative of -t**3/3 - t**2 + t. Suppose -10 = -3*v + 8*v. Let z be o(v). Calculate the greatest common divisor of 2 and z.
2
Suppose -45 = -2*z - 9. What is the highest common divisor of 27 and z?
9
Let h be 1/(-4) - (-132)/16. Let n be (252/(-16))/(6/(-64)). Suppose 2*p = r + 4*r - 280, 3*r + 2*p - n = 0. What is the highest common divisor of h and r?
8
Suppose -3*z = -124 - 92. What is the greatest common factor of z and 8?
8
Let s = -6 - -10. Let k = -29 - -56. Let b be 2/(-9) + 870/k. Calculate the highest common factor of s and b.
4
Let u = 13 - -5. What is the highest common divisor of 36 and u?
18
Suppose -2*z = -5*z + 18. Let q be z/(-5)*(-19 + -1). Let g be (-6)/15 + q/10. What is the greatest common divisor of g and 8?
2
Let y be 8/6*6*1. Suppose z + 3 = 5. What is the highest common divisor of y and z?
2
Let b(t) = -t**2 + 12*t + 28. Let s be b(10). Calculate the highest common divisor of 3 and s.
3
Let l(u) = -11*u + 22. Let x be l(-6). What is the highest common divisor of 11 and x?
11
Let u(h) = -h**3 - h**2 + 3. Let c be u(0). Suppose 5*g - 21 = -b, -c*b + 3*g = -15 - 30. Let y = b - 5. Calculate the greatest common divisor of 55 and y.
11
Let t(o) = 5*o**2 + 11*o - 6. Let v be t(-4). Let u(x) = -x**3 - 5*x**2 + 4*x + 8. Let r be u(-6). What is the highest common divisor of r and v?
10
Let t = 55 + -49. What is the greatest common divisor of t and 102?
6
Let a be (9/(-3))/(2/(-18)). Let x(s) = 3*s**3 + s**2 - s. Let b be x(1). Calculate the highest common divisor of b and a.
3
Let z = 34 - 22. What is the highest common factor of 60 and z?
12
Let w be (-1)/(-3) - (-32)/3. Suppose -4*s = -165 - 247. Suppose -73 - s = -4*h. Calculate the greatest common factor of h and w.
11
Suppose 1365 = 5*r + 5*d, -2*r - 2*d - d + 547 = 0. Calculate the greatest common divisor of r and 34.
34
Let d be (-15)/(-9) + 2/6. Suppose 0 = -5*h + 20 + 5. Suppose -24 = -h*o + 5*t - 2*t, 4*o + t = 9. Calculate the greatest common divisor of d and o.
1
Suppose -2*v - 47 = 17. Let j = -20 - v. Calculate the highest common divisor of 30 and j.
6
Suppose 4*s + 17 + 259 = 0. Let v = 154 + s. Suppose 2*t = -3*q + 26, -19 = 4*t - q - v. What is the greatest common factor of t and 64?
16
Let l = 58 + -10. Calculate the highest common divisor of l and 72.
24
Suppose 4*j - 42 = 2*j. Calculate the highest common factor of 42 and j.
21
Let o(h) = h - 3. Let i be o(-7). Let y = i + 18. Calculate the highest common factor of y and 56.
8
Suppose 66 = q + 4*p, 0*p - 4*p + 300 = 4*q. Calculate the greatest common divisor of q and 13.
13
Let p(l) = 5*l**2 - 5*l + 4. Let h be p(6). What is the highest common divisor of 22 and h?
22
Let f = 49 + -20. What is the greatest common factor of 29 and f?
29
Suppose 268 = 5*s + 2*x, -125 = -2*s + 2*x - 15. Suppose 5*z + 4*c - s = 0, 5*c - 41 = -4*z + 4*c. Calculate the greatest common divisor of 10 and z.
10
Suppose 64 = c - 8. Suppose -3*w = 2*f - 15, 5*f + 2*w = -3*w + 40. What is the greatest common factor of f and c?
9
Let p be (-15 + 2)*(-13 + 4). Let l = p + 37. Calculate the greatest common divisor of l and 14.
14
Suppose k - 4*d - 96 = -k, -3*d - 97 = -2*k. Let c be (-1)/(-6)*3 + (-78)/(-4). Calculate the greatest common divisor of k and c.
10
Suppose 4*r = 12, 0 = 2*f - 2*r - 42 - 22. Calculate the greatest common divisor of f and 14.
7
Let q(b) = -b**3 - 13*b**2 + 30*b + 35. Let z be q(-15). Calculate the greatest common divisor of 5 and z.
5
Let r(v) be the first derivative of 41*v**4/4 - v**3/3 + v**2/2 - v + 4. Let j be r(1). Calculate the highest common divisor of 8 and j.
8
Let i be 0 - (-10 + (-3 - 1)). What is the highest common divisor of i and 21?
7
Let b(v) = v**3 + 943. Let a be b(0). Suppose y - 5*o = 197, -5*y = -0*o - 4*o - a. Calculate the greatest common factor of 17 and y.
17
Let u(y) = 8 + 10 - 21*y**2 - 3*y - 3. Let t(o) = -5*o**2 - o + 4. Let i(f) = -9*t(f) + 2*u(f). Let h be i(6). Calculate the highest common factor of h and 15.
15
Suppose -5*a = 5, 4*n - 5*a = 2*n + 167. Let o(v) = 2*v**2 + 9*v + 4. Let u be o(-5). Calculate the greatest common factor of n and u.
9
Let b(v) = 0 + 4 + v**3 + 4*v**2 - 4. Let d be b(-3). Calculate the highest common factor of d and 1.
1
Let t(g) = -g**3 - g**2 - 3*g + 6. Let u be t(-4). What is the greatest common factor of u and 6?
6
Suppose 3*t = 4*s + 32, 0 = t + 3*t + 3*s - 76. Suppose 7 = 2*y + 5*f, 14 + 24 = 3*y + 2*f.